e0?
-d6da
In base 4, what is -313 - -20222?
13303
In base 14, what is 142 - -b5?
217
In base 11, what is -64 + 834?
780
In base 16, what is 4a + -6cc?
-682
In base 14, what is 53aa2 + 5?
53aa7
In base 7, what is -45 + 1204?
1126
In base 2, what is -10000111110100 - -1010011110?
-1111101010110
In base 3, what is 1012222 + 220?
1020212
In base 11, what is 72549 - 2?
72547
In base 15, what is -15 - 41e8?
-420d
In base 10, what is 62 + -206?
-144
In base 9, what is -55 + 180302?
180236
In base 14, what is -1 + 202a5?
202a4
In base 9, what is -173 + -1085?
-1268
In base 14, what is -1 - -505?
504
In base 4, what is 1031 + 12302?
13333
In base 8, what is -14 - 125502?
-125516
In base 15, what is -5a97 + 5?
-5a92
In base 16, what is 4f508 + 1?
4f509
In base 13, what is b - -28c9?
2907
In base 9, what is -7864 + -81?
-8055
In base 5, what is 21340 - 101112?
-24222
In base 4, what is -2 - -1120000321?
1120000313
In base 13, what is 6 + -2aa7c?
-2aa76
In base 13, what is -9 + -15b5?
-15c1
In base 9, what is -874 + -525?
-1510
In base 12, what is 198 - 69b?
-503
In base 13, what is -21a7b + 2a?
-21a51
In base 3, what is -111001100110111 - 0?
-111001100110111
In base 14, what is -2d1a - -8c?
-2c6c
In base 6, what is -251 + 1221?
530
In base 8, what is -5 + 6414?
6407
In base 8, what is 134346 - 2?
134344
In base 11, what is a1 - -7533?
7624
In base 14, what is 138 + 7d?
1b7
In base 4, what is 102310201332 + -2?
102310201330
In base 12, what is -2 + -33842?
-33844
In base 10, what is 184276 + 13?
184289
In base 2, what is -1110010011 + -10100?
-1110100111
In base 16, what is -21e2f - 7?
-21e36
In base 10, what is 7165990 - -5?
7165995
In base 14, what is -287 + -24?
-2ab
In base 10, what is -4 - 5592?
-5596
In base 10, what is 168 - 4404?
-4236
In base 13, what is 5 + 1a847?
1a84c
In base 4, what is 1020000 + -11?
1013323
In base 12, what is -22 - 638?
-65a
In base 2, what is -10011 - 1000000001100101000?
-1000000001100111011
In base 10, what is 3 - 10112?
-10109
In base 13, what is 87 + 655?
70c
In base 3, what is 20 - 1010111201?
-1010111111
In base 10, what is 4764 - 19?
4745
In base 7, what is 10 - -5302?
5312
In base 4, what is -3 - -1200?
1131
In base 11, what is 17a - -4015?
4194
In base 9, what is -1645337 - 5?
-1645343
In base 11, what is 2384 - 39?
2346
In base 5, what is 11001 + 2?
11003
In base 7, what is 3 + 24534?
24540
In base 8, what is -5 + 106300?
106273
In base 5, what is -101342 + 23?
-101314
In base 6, what is -1 + 250341?
250340
In base 16, what is 13d - -73?
1b0
In base 2, what is -10110111 + -1101100?
-100100011
In base 12, what is -7b6 + 58?
-75a
In base 15, what is 33 + 9646?
9679
In base 8, what is 7 - -1444704?
1444713
In base 10, what is -3186 + 54?
-3132
In base 16, what is -14 + -bdf?
-bf3
In base 4, what is 30233222232 - 3?
30233222223
In base 16, what is 5688 + -1?
5687
In base 2, what is 1000010111110001 - 0?
1000010111110001
In base 14, what is -5 + -244d?
-2454
In base 15, what is -15c90 + 1?
-15c8e
In base 11, what is -1 + -2052a?
-20530
In base 4, what is -1 - -22123023?
22123022
In base 11, what is 15306 + 8?
15313
In base 11, what is -2252 + -14?
-2266
In base 9, what is 54 + -188?
-134
In base 16, what is -215 - 74?
-289
In base 9, what is -86203 - 10?
-86213
In base 8, what is 7 - 13022?
-13013
In base 11, what is 183 - 206?
-33
In base 14, what is b448 + -5?
b443
In base 11, what is 56351 + -2a?
56322
In base 15, what is -19 - -a3?
89
In base 12, what is 3 + -13140?
-13139
In base 7, what is 24 + -1245?
-1221
In base 16, what is 819 + 88?
8a1
In base 9, what is -3 + 3001?
2887
In base 16, what is 2739 - 8?
2731
In base 4, what is -121 - 1133?
-1320
In base 11, what is 1 + 9a18?
9a19
In base 13, what is 74 - -890?
934
In base 3, what is -2120022221 - 11?
-2120100002
In base 13, what is 20093 + -c?
20084
In base 12, what is -5 - 48248?
-48251
In base 6, what is 120 - -15?
135
In base 3, what is -1010010 + 20?
-1002220
In base 3, what is 1102 - 1011210?
-1010101
In base 10, what is -2 + 322627?
322625
In base 16, what is ac7 - 19?
aae
In base 15, what is -15 + -89c4?
-89d9
In base 9, what is 0 + 7587?
7587
In base 13, what is 3559 - -31a?
3876
In base 7, what is 463 - -126?
622
In base 13, what is 177591 + -4?
17758a
In base 3, what is 1001 - -122200?
200201
In base 2, what is 1101 + -1000001011101101001?
-1000001011101011100
In base 13, what is 1c - 5015?
-4cc6
In base 11, what is 25353 - -a6?
25449
In base 12, what is -7b65 + -1?
-7b66
In base 11, what is -324 - -34?
-2a0
In base 10, what is 221224 + 7?
221231
In base 14, what is -2 + -7dd8?
-7dda
In base 5, what is -212 - -4214?
4002
In base 16, what is -ed6 - f?
-ee5
In base 8, what is -34321 - 5?
-34326
In base 5, what is -3031443 - -1?
-3031442
In base 15, what is -15 + 7c?
67
In base 12, what is -134 - -347?
213
In base 5, what is 3 + -14444131?
-14444123
In base 9, what is -43506 + 63?
-43433
In base 12, what is -19 - 36b?
-388
In base 7, what is 236413 - 1?
236412
In base 13, what is -31a99 - 1?
-31a9a
In base 7, what is 205 + -202?
3
In base 15, what is -3e2e5 + 0?
-3e2e5
In base 13, what is -9c8 - -554?
-474
In base 11, what is -4 + -4a9279?
-4a9282
In base 15, what is 8d9 - -82?
96b
In base 8, what is -14436761 - 4?
-14436765
In base 8, what is -326 + 1626?
1300
In base 13, what is -3 + -128a?
-1290
In base 7, what is -4 - 13635351?
-13635355
In base 2, what is -1000010 + 100110101?
11110011
In base 10, what is 59278 + -16?
59262
In base 3, what is -10021220 + -21?
-10022011
In base 2, what is 10000 - 1100110100111001110?
-1100110100110111110
In base 11, what is 36 - 4786?
-4750
In base 14, what is -1 - d8d?
-d90
In base 13, what is -1 - -2289b?
2289a
In base 10, what is -22648 - -6?
-22642
In base 11, what is 4 + a8567?
a8570
In base 10, what is 428 + 370?
798
In base 5, what is 1 - -10410102?
10410103
In base 12, what is -9485a5 + -1?
-9485a6
In base 15, what is -258b - 4?
-2590
In base 9, what is 17 - -165535?
165553
In base 6, what is 14541 + 44?
15025
In base 4, what is 331320 - -211?
332131
In base 14, what is -931a - -4?
-9316
In base 12, what is 80 + 64?
124
In base 12, what is -1a889b + -4?
-1a88a3
In base 10, what is 3 + -1566987?
-1566984
In base 9, what is -3473 + 154?
-3318
In base 11, what is -1415 - -11a?
-12a6
In base 4, what is 31131003 + 10?
31131013
In base 10, what is -14 - -95583?
95569
In base 12, what is 5 - -7a682?
7a687
In base 13, what is -3c - 11a3?
-1212
In base 7, what is 136014 + 3?
136020
In base 9, what is -26 - -8384?
8357
In base 4, what is -1 + -3022030?
-3022031
In base 16, what is -3 - -1138e?
1138b
In base 11, what is 473a0 - 0?
473a0
In base 3, what is -12001221221 + 1?
-12001221220
In base 14, what is 17996 + -4?
17992
In base 5, what is -34 - 101224?
-101313
In base 15, what is 18851 - -2?
18853
In base 6, what is 231 - -2111?
2342
In base 5, what is -4023 - -112?
-3411
In base 16, what is -3e53 + -6?
-3e59
In base 16, what is -80 - -54?
-2c
In base 14, what is -2 - -d549?
d547
In base 11, what is -9105 - 4?
-9109
In base 16, what is 0 + -92e1?
-92e1
In base 4, what is 10 + 10220221?
10220231
In base 3, what is 12 - 221111020?
-221111001
In base 10, what is 880 - -50?
930
In base 8, what is -105 + 2026?
1721
In base 10, what is 63 + 878?
941
In base 16, what is 4 + 67e9?
67ed
In base 10, what is -689 - -5?
-684
In base 2, what is -101010110011 + -111?
-101010111010
In base 11, what is 56272 - 1?
56271
In base 16, what is -13b + -252?
-38d
In base 10, what is -1 - -6917?
6916
In base 16, what is -5 - -6c90?
6c8b
In base 8, what is 2 + 6157152?
6157154
In base 3, what is -11022222111 + -21?
-11022222202
In base 7, what is -22026062 + 1?
-22026061
In base 13, what is -94 - 141?
-205
In base 9, what is -27751 - 7?
-27758
In base 7, what is 106 - 16503?
-16364
In base 14, what is 3b - 1324?
-12c7
In base 12, what is -146b0 - -2?
-146aa
In base 7, what is 0 + -1526030?
-1526030
In base 15, what is 29c9c + 1?
29c9d
In base 14, what is -5c3 + 172c?
1149
In base 9, what is 2278 + 1612?
4001
In base 12, what is 258963 - -2?
258965
In base 7, what is -3 + 256361?
256355
In base 11, what is 65 + 192?
247
In base 11, what is -2797 - -6?
-2791
In base 15, what is 271 + -111?
160
In base 9, what is -66333 + -3?
-66336
In bas